highest common divisor of j and 3.
3
Let k(u) = 2*u**3 + 16*u - 19*u - u**3 - 2 - 2*u**2. Let t be k(4). Calculate the greatest common divisor of t and 27.
9
Let y(j) = -j**3 - j**2 - j + 12. Let d be y(0). Let b be 1/(-2) - 34/(-4). What is the highest common divisor of d and b?
4
Let j = 4 - -5. Let s = j - 3. What is the highest common divisor of 6 and s?
6
Suppose -2*i = -0*i - 110. Calculate the highest common factor of i and 5.
5
Let a be 4/1*5/4. Let g be 5*1/(2/10). Calculate the highest common factor of g and a.
5
Let r be 1 + 6 + (-12 - -15). What is the highest common divisor of 30 and r?
10
Suppose 5*b - 65 = 55. Suppose -m + b = -10. Let w be -3 + (-2 - -2) - -20. What is the highest common factor of w and m?
17
Let a(n) = -2*n. Let v be a(1). Let j be (-106)/(-22) - v/11. What is the greatest common factor of 20 and j?
5
Suppose -2 = -5*v + 3*v. Calculate the greatest common factor of v and 1.
1
Let d = 28 + 7. What is the greatest common factor of 7 and d?
7
Let m = -30 + 47. Suppose b + b + 3*o - 19 = 0, -b + 3*o + 32 = 0. What is the greatest common factor of b and m?
17
Let f(n) = -4*n + 8*n**2 + 6 - 3*n - 4*n**2. Let s be f(6). Calculate the highest common factor of 27 and s.
27
Let q(j) = j**2 - 3*j + 6. Let r be q(6). Let m = 237 + -45. What is the highest common divisor of r and m?
24
Let g be (2/4)/((-1)/10). Let f = 1 - g. Let u(s) = 9*s - 5. Let h be u(f). Calculate the greatest common factor of 7 and h.
7
Suppose 2*t - 9*t + 637 = 0. Calculate the highest common divisor of t and 7.
7
Suppose 3*b - 3 = 6. Suppose -b - 5 = -4*p + x, 4*x = p - 2. Let n(u) = -u**2 + 6*u + 3. Let q be n(6). Calculate the highest common factor of q and p.
1
Let y(i) = i**2 - 7*i - 9. Let q be y(8). Let k be ((-3)/(-6))/(q/(-14)). Calculate the highest common divisor of 28 and k.
7
Let o(r) = -19*r - 2. Let d be (-2 + (-10)/(-4))*-4. Let n be o(d). Calculate the greatest common divisor of 90 and n.
18
Let n(y) = y + 5*y + 2*y**3 - 2*y + 7*y**2 - y**3. Let p be n(-6). Let a be ((-1)/2)/((-1)/12). Calculate the highest common divisor of p and a.
6
Let k = 58 - 26. What is the greatest common factor of k and 160?
32
Suppose o - 4 - 125 = 0. Suppose 0 = 5*t - 2*t - 927. Let b = t - o. What is the highest common factor of 18 and b?
18
Let y = -1 - -11. Let d be (-6)/((y/8)/(-5)). Calculate the greatest common factor of d and 12.
12
Let h be 1*3 - (-73 - 16). Calculate the highest common divisor of 23 and h.
23
Suppose 8*w + 120 = 4*w. Let c = 102 + w. Calculate the highest common factor of c and 24.
24
Let s = 1 + 5. Let a be s*(-3 + 4 + 2). What is the highest common divisor of a and 45?
9
Let s(d) be the second derivative of d**4/4 + d**3/6 + 2*d**2 + 4*d. Let v be s(4). What is the highest common factor of v and 7?
7
Suppose 5*n = 20 - 5. Let u = n + 9. Calculate the highest common divisor of u and 24.
12
Let k(d) = -3 + 0 - 6*d + 2*d. Let y be k(-2). What is the greatest common factor of y and 5?
5
Suppose -h + 3*r = -11, -2*r - 2 = -0. Let b = 1 - 1. Let f be b/2 + 4/2. Calculate the highest common factor of f and h.
2
Let c(x) = x + 6. Let g be c(3). Calculate the greatest common factor of g and 81.
9
Let r(b) = b**2 - b. Let u(d) = -8*d**2 + 7*d. Let v(m) = 18*r(m) + 2*u(m). Let z be v(3). Let l = -63 - -93. Calculate the highest common factor of z and l.
6
Let k = 24 + -36. Let d = 22 - k. Let m = 51 - d. What is the highest common divisor of 34 and m?
17
Let z be 42/(-8)*36/(-9). Suppose -9 = i - 2*n, n + 3*n = 3*i + 19. Let c be i - (0 + -3) - -1. Calculate the greatest common factor of z and c.
3
Suppose 43 + 12 = 5*i. Suppose 0 = -5*w + 41 - i. Let g(n) = n - 2. Let t be g(4). What is the highest common factor of t and w?
2
Let n(x) = x**3 - x**2 + 2*x + 8. Let t be n(4). What is the highest common factor of 16 and t?
16
Let w be 2/((-3 - 0) + -1)*-48. What is the highest common factor of w and 120?
24
Let x be 3*((-3)/(-9) + 5). Calculate the greatest common divisor of 8 and x.
8
Let r be (-1 + 4)*3/3. Calculate the highest common divisor of r and 2.
1
Let l be 14/(-35)*(-2 + -23). Calculate the greatest common factor of l and 40.
10
Let l = 138 + 57. Calculate the greatest common divisor of 39 and l.
39
Let y = -59 + 62. Calculate the greatest common divisor of 27 and y.
3
Let g = 18 + -13. Let l = 185 - 109. Suppose -2*x = 5*c + x - l, -5*c = g*x - 80. What is the greatest common divisor of c and 2?
2
Suppose 4*y = -3*l + 35, 3*l + 6*y = 3*y + 33. Let d = l + 0. Let k be 1/3 + 26/3. Calculate the greatest common factor of d and k.
9
Suppose -7*g - 45 = -12*g. Let j(r) = 2*r**3 - 4*r**2 + r + 4. Let y be j(4). Calculate the highest common factor of g and y.
9
Let m be -5 + 4 + 1 - -1. Calculate the greatest common factor of m and 7.
1
Let z = -5 + 20. Let w = -15 + 21. Suppose -w*r = -r + 2*g - 33, 4*r - 16 = g. Calculate the highest common factor of r and z.
5
Suppose b - 4*b + 5*l = -79, 4*l - 15 = -b. Suppose 5*w - 5 = 0, 0*d - d - w + 162 = 0. Calculate the highest common divisor of b and d.
23
Let f be (3/(-2))/((-33)/110). What is the highest common divisor of f and 45?
5
Let d = -1 + 7. Suppose -26 = -2*m - 2*v, 3*v - 17 = -m + 4*v. What is the greatest common divisor of m and d?
3
Suppose 4*c = -n + 20 + 65, 4*n = -2*c + 46. What is the greatest common factor of c and 84?
21
Suppose 5*l = 2*l + 12. Suppose -5*m + 2*q = 13, -l*m - 2*q = -q. Let p = 23 - m. Calculate the highest common divisor of p and 6.
6
Suppose -5*s + 6 = 2*w - 21, s - 2 = 3*w. Calculate the greatest common divisor of 13 and w.
1
Let r(h) = h**3 + 18*h**2 + 34*h - 12. Let x be r(-15). Calculate the greatest common factor of 9 and x.
9
Let s(u) be the third derivative of u**5/30 - 7*u**4/24 + u**3 - 4*u**2. Let j be s(5). Calculate the highest common factor of 7 and j.
7
Suppose 2*v = 0, y - v - 20 = -0*v. Suppose 2*m - j - 6 = m, -y = -5*j. Calculate the greatest common factor of 40 and m.
10
Suppose 0 = -2*f + 30 + 80. Suppose 5*g + c - 48 = 3*g, -g + 5*c = -2. Calculate the highest common factor of g and f.
11
Let o be (-110)/(-15) + (-4)/(-6). What is the highest common divisor of o and 40?
8
Let w be 2*2 + 0/(-5). Suppose -1 = -0*h + h, w*p = 4*h + 100. Suppose p = 4*r - r. What is the greatest common factor of r and 40?
8
Suppose 2*h + 20 = 120. Let k be (2/5)/(3/(-15)). Let f be k*10/(-4)*4. What is the greatest common divisor of h and f?
10
Let w be 2/4 + 6/4. Let n(q) = q - 1. Suppose -c = -5 - 0. Let p be n(c). What is the highest common factor of p and w?
2
Let b = 111 + -51. Let f(u) = -u + 19. Let d be f(-5). Calculate the greatest common divisor of b and d.
12
Suppose -9 = 4*p - 7*p. Suppose 0 = -2*h - 6, -18 = -0*k - 3*k + 3*h. What is the highest common factor of p and k?
3
Suppose -3*a = 3*l - a - 458, 0 = 5*l + 2*a - 758. Calculate the greatest common divisor of l and 60.
30
Suppose 69 = r + 2*r. What is the highest common factor of 46 and r?
23
Suppose 268 = 5*n + 48. Suppose 0 = u - 4*u + 2*g + 173, 0 = 2*u - 3*g - 122. Suppose -4*f + u = f. What is the greatest common divisor of f and n?
11
Suppose 0 = -2*n - 2*q - 2, -3 = q + 2. Suppose -3*d + 376 = -0*z + 4*z, z = -3*d + 364. Let r = d - 84. What is the greatest common factor of n and r?
4
Let h = 10 + 1. Suppose -2*p + 94 = 3*m, 0*p + 3*m + 170 = 4*p. Calculate the highest common divisor of p and h.
11
Suppose 0*b - 7*b = -280. Calculate the greatest common factor of b and 5.
5
Suppose 4*i + 14*i = 18. Calculate the greatest common divisor of 7 and i.
1
Suppose -2*i = 7*i - 72. Calculate the highest common divisor of 6 and i.
2
Suppose j - 4*y + 5 = 0, -5*j + 4*y - 2*y = -29. Let a = 50 + -43. Calculate the highest common divisor of a and j.
7
Let k be 36/(-2)*(-7)/21. What is the greatest common divisor of k and 66?
6
Let x = 5 + 2. Let p be (-86)/(-2) + 4 - -2. What is the highest common factor of x and p?
7
Suppose 3*p - 7 = -1. What is the greatest common factor of p and 1?
1
Suppose 0 = -3*d + 15, 42 = h - d + 5*d. Let o = -14 - -20. Suppose -o = -3*p - 0. What is the greatest common divisor of h and p?
2
Let p(i) = 4*i**2 + i + 1. Let h be p(-1). Suppose 35 = h*v - 29. Let q = -4 + v. Calculate the highest common divisor of 60 and q.
12
Let i = 1 - 0. Let h = 4 + i. What i